t s(d) = -2*d**3 + 5*d**2 - 800*d - 5206. Determine s(-6).
206
Let y(n) = 1543*n - 990498. Determine y(642).
108
Let l(d) = d**3 - 80*d**2 + 1341*d + 3996. Calculate l(29).
-6
Let n(g) = 1636*g - 90253. Determine n(55).
-273
Let b(p) = p**3 - 3685*p**2 - 36954*p - 45. Calculate b(-10).
-5
Let s(u) = 9*u**3 + 24*u**2 - 186*u - 10. Give s(-6).
26
Let j(z) = -154*z**2 - 46037*z + 2685. Calculate j(-299).
-6
Let m(o) = -73757*o + 1180116. Give m(16).
4
Let k(i) = i**3 - 13*i**2 - 70*i + 912. Determine k(14).
128
Let u(i) = -2*i**2 - 34571*i + 242010. Determine u(7).
-85
Let s(w) = -6507*w + 6129601. What is s(942)?
7
Let z(f) = 16694*f + 83409. Give z(-5).
-61
Let p(d) = 954*d - 4291. Determine p(6).
1433
Let y(t) = 19*t**2 - 313*t - 1904. Calculate y(21).
-98
Let t(h) = -543*h + 30950. Calculate t(57).
-1
Let f(l) = -l**2 - 128*l + 8642. Determine f(47).
417
Let a(t) = t**3 + 48*t**2 - 939*t - 4456. Give a(18).
26
Let b(k) = -10056*k - 221239. Determine b(-22).
-7
Let t(j) = -4*j**2 + 861*j - 9224. Determine t(11).
-237
Let p(y) = -127*y**2 - 10309*y - 10302. Determine p(-1).
-120
Let f(p) = 3*p**3 - 267*p**2 - 1360*p - 172. Determine f(94).
4528
Let x(n) = n**3 - 584*n**2 - 1054*n + 954396. What is x(583)?
25
Let w(n) = 137373*n + 18820093. What is w(-137)?
-8
Let n(c) = -2*c**2 + 243*c + 21040. Calculate n(180).
-20
Let u(c) = -c**3 + 497*c**2 + 2952*c + 290303. Determine u(504).
-1
Let k(z) = -z**3 - 88*z**2 + 1602*z + 985. Give k(16).
-7
Let g(l) = l**2 + 521*l + 41114. Determine g(-97).
-14
Let m(s) = s**2 + 1418*s + 485266. What is m(-577)?
9
Let h(l) = -6493*l - 45430. What is h(-7)?
21
Let l(r) = 18*r**3 - 32*r**2 - 815*r + 1623. Give l(2).
9
Let t(f) = -6*f**3 - 126*f**2 + 144*f + 179. Give t(-22).
-85
Let y(u) = 859*u + 46371. What is y(-54)?
-15
Let l(r) = -2*r**3 + 58*r**2 + 11*r - 128. Calculate l(29).
191
Let j(q) = -1382*q - 13058. What is j(-9)?
-620
Let t(p) = -3*p**3 + 485*p**2 - 16937*p + 262. Determine t(51).
7
Let j(r) = 2*r**3 - 470*r**2 + 421*r + 10989. Give j(234).
-9
Let u(o) = -5282*o - 68657. Determine u(-13).
9
Let m(f) = f**3 - 7040*f**2 + 877950*f + 120. What is m(127)?
-7
Let u(r) = r**3 + 110*r**2 - 11142*r + 143. Give u(64).
-241
Let y(z) = 2*z**3 - 11*z**2 - 437*z + 4263. Calculate y(9).
897
Let w(q) = -20*q**2 - 2187*q - 9111. Give w(-105).
24
Let k(p) = -p + 195. Calculate k(81).
114
Let b(k) = -4*k**2 + 193*k - 413. Determine b(45).
172
Let k(s) = -3*s**2 - 112*s + 10646. What is k(-81)?
35
Let c(x) = x**3 - 17*x**2 + 426*x - 4752. Calculate c(13).
110
Let l(r) = r**2 + 161*r + 7940. Give l(-108).
2216
Let q(k) = -200343*k**2 + 1402423*k - 6. What is q(7)?
148
Let v(t) = -3056*t**2 - 33822*t + 14. What is v(-11)?
2280
Let v(o) = -781840*o + 781840. Determine v(1).
0
Let q(x) = 6216*x + 6262. Determine q(-1).
46
Let f(z) = -299*z - 30440. Give f(-102).
58
Let k(a) = -446199*a - 2677202. Determine k(-6).
-8
Let t(j) = 5279*j + 10911. What is t(-2)?
353
Let y(h) = -9406*h + 131514. Determine y(14).
-170
Let p(n) = -2*n**3 + 11*n**2 - 33*n + 652. Calculate p(10).
-578
Let n(t) = -58*t - 7379. Give n(-118).
-535
Let c(w) = 3*w**2 - 107253*w - 429056. Give c(-4).
4
Let w(f) = 10956*f - 76662. What is w(7)?
30
Let a(g) = 4652*g + 27616. Determine a(-6).
-296
Let m(n) = 3*n**3 + 8*n**2 - 10*n - 6. What is m(-7)?
-573
Let j(q) = 5*q**3 - 44*q**2 + 92*q - 1523. Calculate j(10).
-3
Let i(r) = 33*r**2 - 37*r + 40. Give i(-6).
1450
Let y(h) = -1410*h - 7056. Determine y(-5).
-6
Let s(w) = 40439*w - 283047. Give s(7).
26
Let k(r) = r**3 + 243*r**2 + 13286*r + 945. Determine k(-160).
-15
Let a(f) = 1489*f + 8948. What is a(-6)?
14
Let n(i) = -1205*i + 109695. What is n(91)?
40
Let q(w) = 2722*w + 5262. Give q(-2).
-182
Let o(n) = -15*n**3 - 310*n**2 + 29*n - 10. Give o(-21).
1586
Let k(a) = -2*a**3 + 243*a**2 - 4300*a + 5. Determine k(100).
5
Let u(d) = -5292*d - 179893. Determine u(-34).
35
Let f(r) = 5*r**3 + 2*r**2 - 11*r - 4. Give f(-5).
-524
Let l(a) = 1493*a + 38870. Calculate l(-26).
52
Let z(c) = 3*c**3 - 593*c**2 - 756*c - 7969. What is z(199)?
-9
Let y(r) = -26*r - 331. Give y(15).
-721
Let b(l) = 2*l**2 + 706*l - 473392. Give b(341).
-84
Let v(h) = -h**3 + 50*h**2 - 97*h - 511. Determine v(47).
1557
Let i(m) = -1266*m + 126583. Give i(100).
-17
Let c(y) = 8*y**2 - 201*y - 118. Give c(30).
1052
Let r(f) = 4*f**3 + 111*f**2 - 1562*f - 149. Determine r(-38).
3
Let u(n) = 305*n + 1452. Give u(-7).
-683
Let m(y) = -5*y**2 - 528*y + 1015. Give m(-107).
266
Let k(g) = 2*g**3 + 46*g**2 - 133*g - 1826. Determine k(-27).
-4067
Let q(s) = -2*s**2 + 938759*s + 4693838. What is q(-5)?
-7
Let m(h) = 4*h**2 + 365*h + 1345. Determine m(-87).
-134
Let b(a) = 380*a + 64475. What is b(-169)?
255
Let d(g) = -g**3 + 14*g**2 + 636*g + 225. Calculate d(-19).
54
Let k(f) = -7*f**3 - f**2 - 198*f - 378. What is k(-2)?
70
Let o(w) = 5*w**2 + 472*w + 2268. What is o(-89)?
-135
Let r(m) = 239*m + 15933. Determine r(-67).
-80
Let t(g) = 2*g**3 + 392*g**2 + 3267*g - 18509. What is t(-187)?
4
Let v(r) = -3*r**3 + 17*r**2 - 195*r + 1478. Give v(8).
-530
Let b(l) = l**2 - 250*l - 23616. Determine b(-74).
360
Let i(s) = s**2 - 8872*s + 17745. Give i(2).
5
Let h(y) = -101*y - 43042. Determine h(-426).
-16
Let v(a) = -3*a**2 + 92*a - 624. What is v(38)?
-1460
Let t(p) = -7755*p - 5164829. Calculate t(-666).
1
Let t(l) = 37*l**2 + 710*l + 1419. Determine t(-2).
147
Let u(b) = -331*b + 27004. Give u(80).
524
Let k(t) = 892*t**2 + 78479*t - 1490. What is k(-88)?
6
Let o(g) = 2*g**3 + 41*g**2 - 101*g - 2555. Determine o(-20).
-135
Let w(l) = 2687*l**2 + 16088*l - 193. Give w(-6).
11
Let b(q) = -2*q**3 + 240*q**2 + 498*q - 87574. Determine b(119).
10
Let p(f) = 3*f**2 + 70*f + 34. Calculate p(-15).
-341
Let b(o) = -312*o**3 + 4*o**2 - 52*o - 107. Give b(-2).
2509
Let y(a) = 4493*a + 85363. Determine y(-19).
-4
Let l(p) = 1724*p**2 - 5823*p - 5824. Calculate l(-1).
1723
Let z(w) = -1274*w + 50648. What is z(39)?
962
Let g(z) = -3*z**2 - 492*z - 115. Calculate g(0).
-115
Let f(x) = 21*x**3 - 300*x**2 + 169*x - 1191. Give f(14).
-1
Let m(w) = -4*w**2 - 1256*w + 39774. What is m(-343)?
-14
Let y(b) = 609*b + 188751. Give y(-310).
-39
Let a(d) = d**3 + 437*d**2 + 6737*d + 21. Determine a(-16).
5
Let m(d) = 2*d**3 + 31*d**2 + 3*d - 21. Determine m(-16).
-325
Let g(d) = -3*d**3 + 269*d**2 - 2935*d - 500. What is g(13)?
215
Let c(i) = -i**3 - 29*i**2 + 60*i + 353. Calculate c(-20).
-4447
Let k(s) = 1312*s + 3808. Determine k(-3).
-128
Let u(p) = 5969*p + 29835. What is u(-5)?
-10
Let s(q) = -2*q**2 + 40*q + 1892. Determine s(37).
634
Let i(p) = 15*p**2 + 448*p + 763. What is i(-30)?
823
Let r(g) = -261*g + 4677. Give r(22).
-1065
Let s(r) = -r**2 + 5563. Calculate s(-75).
-62
Let b(y) = -374*y**2 + 686*y - 31. Give b(2).
-155
Let g(m) = -855*m + 12905. Give g(15).
80
Let u(j) = -4*j**2 - 126*j - 385. Determine u(-32).
-449
Let y(r) = r**3 - 226*r**2 - 86453*r - 1275. Give y(428).
9
Let z(t) = -62*t**2 - 516*t + 518. Determine z(1).
-60
Let g(m) = -10*m**2 + 387*m + 3703. Determine g(-10).
-1167
Let h(g) = -1243*g - 8727. Calculate h(-6).
-1269
Let m(r) = r**2 + 5789*r + 46245. Determine m(-8).
-3
Let a(f) = f**3 + 272*f**2 - 470*f + 21306. Calculate a(-274).
-66
Let k(s) = 214*s - 48380. Determine k(226).
-16
Let f(y) = -y**3 + 32*y**2 - 133*y - 7925. Give f(-12).
7
Let b(v) = v**2 + 1491*v + 105953. Calculate b(-75).
-247
Let t(u) = 76*u - 67. What is t(-4)?
-371
Let s(l) = l**3 - 80*l**2 - 175*l + 19461. Determine s(79).
-605
Let y(v) = -2368*v - 30799. Give y(-13).
-15
Let t(m) = -54*m + 2524. Give t(33).
742
Let k(s) = -239*s + 743. Determine k(4).
-213
Let v(p) = -3*p**3 + 18*p**2 + 204*p - 1069. Determine v(9).
38
Let u(h) = 2*h**3 + 773*h**2 - 1185*h - 8178. What is u(-388)?
-30
Let f(x) = -519*x**2 - 11913*x + 622. What is f(-23)?
70
Let s(q) = -q**3 - 270*q**2 - 11827*q - 239. Give s(-215).
191
Let b(v) = 357*v**2 + 34*v + 31. Give b(-1).
354
Let m(j) = 9*j**2 + 519*j + 3465. What is m(-50)?
15
Let d(y) = y**2 + 321*y - 13384. Determine d(39).
656
Let l(s) = 3149*s - 11940. Calculate l(4).
656
Let t(p) = p**2 + 395*p + 14524. Determine t(-41).
10
Let t(y) = 86708*y + 86710. What is t(-1)?
2
Let f(b) = -12*b**2 - 1079*b - 1102. What is f(-89)?
-123
